V/Λ SELECT: Month and Year
OR > Month
Monthly Climatological Summary for mars 2021
Name: Météo Orny City: Orny State: France
Elevation: 244 m Lat: N 49° 01' 27" Lon: E 006° 14' 44"
Temperature (°C), Rain (mm), Wind Speed (km/h)
Heat Cool Avg
Mean Deg Deg Wind Dom
Day Temp High Time Low Time Days Days Rain Speed High Time Dir
----------------------------------------------------------------------------------
01 6,5 14,3 15:55 1,0 07:17 11,8 0,0 0,0 8,9 29,0 12:32 ENE
02 8,1 15,7 16:02 1,0 07:19 10,2 0,0 0,0 4,1 18,0 20:35 E
03 8,6 13,6 16:04 4,4 07:16 9,7 0,0 0,0 4,2 16,0 11:22 SSE
04 7,4 11,6 14:29 4,5 06:16 10,9 0,0 3,4 6,1 24,0 15:32 SO
05 3,7 5,7 13:01 0,6 23:56 14,6 0,0 0,0 10,1 29,0 12:15 NNE
06 2,0 7,9 15:56 -3,2 07:13 16,3 0,0 0,0 12,1 40,0 13:04 NE
07 2,7 9,1 16:19 -2,4 06:28 15,6 0,0 0,0 4,4 19,0 00:02 NNE
08 1,7 7,8 16:15 -3,9 07:10 16,6 0,0 0,0 6,7 39,0 15:25 NE
09 3,3 6,6 18:09 -0,9 03:14 15,0 0,0 0,0 5,0 19,0 09:37 NO
10 6,1 10,7 15:36 1,6 03:59 12,2 0,0 0,0 8,5 35,0 22:49 S
11 8,6 13,7 15:21 4,3 23:59 9,7 0,0 9,6 20,8 58,0 15:50 SO
12 6,6 10,4 16:31 4,3 00:01 11,7 0,0 2,8 17,3 53,0 14:32 SO
13 5,8 9,2 15:36 2,3 23:33 12,5 0,0 12,2 19,6 72,0 14:33 SSO
14 4,3 9,1 16:12 1,8 10:29 14,0 0,0 1,6 12,0 43,0 16:17 OSO
15 5,8 9,4 15:15 3,4 22:29 12,5 0,0 2,2 14,1 43,0 10:39 ONO
16 4,1 6,4 13:43 2,4 06:13 14,2 0,0 4,2 8,8 29,0 13:16 O
17 3,7 6,6 15:19 1,3 22:39 14,6 0,0 4,4 6,9 31,0 15:29 NNO
18 3,4 7,1 15:51 -0,2 07:00 14,9 0,0 0,0 4,3 18,0 14:51 NO
19 2,4 5,8 16:12 -0,3 23:45 15,9 0,0 1,6 10,3 42,0 16:13 NNE
20 2,6 7,2 17:27 -1,9 06:53 15,7 0,0 0,0 4,9 31,0 11:50 NNE
21 3,9 8,7 15:53 -0,3 05:38 14,4 0,0 0,0 6,6 32,0 20:22 NO
22 4,0 7,1 16:15 0,2 06:38 14,3 0,0 0,0 3,6 19,0 11:39 NNO
23 7,0 12,0 16:16 3,7 06:50 11,3 0,0 0,0 3,7 14,0 11:10 NE
24 8,3 16,3 16:06 0,3 05:43 10,0 0,0 0,0 3,3 18,0 11:41 SSE
25 8,7 11,9 13:37 4,9 07:15 9,6 0,0 0,0 6,3 26,0 14:35 SO
26 10,1 15,1 15:06 4,5 06:31 8,2 0,0 0,0 7,3 31,0 23:48 SSO
27 7,0 11,2 00:19 4,1 03:49 11,3 0,0 0,8 14,0 51,0 00:59 SO
28 9,2 15,6 17:41 2,7 08:34 8,7 0,0 0,0 7,5 32,0 12:23 SSO
29 13,1 20,6 18:29 5,6 07:23 5,5 0,3 0,0 5,9 19,0 13:36 SSE
30 14,1 23,3 17:24 4,0 07:27 5,3 1,1 0,0 3,4 16,0 14:16 E
31 16,1 24,8 17:05 7,4 06:10 3,7 1,5 0,0 3,1 16,0 11:49 SE
----------------------------------------------------------------------------------
6,4 24,8 31 -3,9 8 370,9 2,9 42,8 8,2 72,0 13 OSO
Max >= 27,0 0
Max <= 0,0 0
Min <= 0,0 8
Min <= -18,0 0
Max Rain: 12,2 on day 13
Days of Rain: 10 (>= 0,2 mm) 7 (>= 2,0 mm) 0 (>= 20,0 mm)
Heat Base: 18,3 Cool Base: 18,3 Method: Integration